{"id":4565,"date":"2022-05-17T09:01:19","date_gmt":"2022-05-17T07:01:19","guid":{"rendered":"https:\/\/optio.ruhr-uni-bochum.de\/?page_id=4565"},"modified":"2026-02-27T18:15:56","modified_gmt":"2026-02-27T17:15:56","slug":"module","status":"publish","type":"page","link":"https:\/\/optio.ruhr-uni-bochum.de\/index.php\/module\/","title":{"rendered":"Module"},"content":{"rendered":"\t\t<div data-elementor-type=\"wp-page\" data-elementor-id=\"4565\" class=\"elementor elementor-4565\" data-elementor-settings=\"{&quot;ha_cmc_init_switcher&quot;:&quot;no&quot;}\" data-elementor-post-type=\"page\">\n\t\t\t\t\t\t<section class=\"elementor-section elementor-top-section elementor-element elementor-element-3db934a elementor-section-boxed elementor-section-height-default elementor-section-height-default\" data-id=\"3db934a\" data-element_type=\"section\" data-e-type=\"section\" data-settings=\"{&quot;_ha_eqh_enable&quot;:false}\">\n\t\t\t\t\t\t<div class=\"elementor-container elementor-column-gap-default\">\n\t\t\t\t\t<div class=\"elementor-column elementor-col-100 elementor-top-column elementor-element elementor-element-6f481f4\" data-id=\"6f481f4\" data-element_type=\"column\" data-e-type=\"column\">\n\t\t\t<div class=\"elementor-widget-wrap elementor-element-populated\">\n\t\t\t\t\t\t<div class=\"elementor-element elementor-element-ffe8b0d elementor-hidden-desktop ha-has-bg-overlay elementor-widget elementor-widget-text-editor\" data-id=\"ffe8b0d\" data-element_type=\"widget\" data-e-type=\"widget\" data-widget_type=\"text-editor.default\">\n\t\t\t\t<div class=\"elementor-widget-container\">\n\t\t\t\t\t\t\t\t\t<p><b>Module<\/b><\/p>\t\t\t\t\t\t\t\t<\/div>\n\t\t\t\t<\/div>\n\t\t\t\t<div class=\"elementor-element elementor-element-e76e413 elementor-hidden-tablet elementor-hidden-mobile ha-has-bg-overlay elementor-invisible elementor-widget elementor-widget-text-editor\" data-id=\"e76e413\" data-element_type=\"widget\" data-e-type=\"widget\" data-settings=\"{&quot;_animation&quot;:&quot;fadeInLeft&quot;}\" data-widget_type=\"text-editor.default\">\n\t\t\t\t<div class=\"elementor-widget-container\">\n\t\t\t\t\t\t\t\t\t<p style=\"text-align: right;\">Module<\/p>\t\t\t\t\t\t\t\t<\/div>\n\t\t\t\t<\/div>\n\t\t\t\t\t<\/div>\n\t\t<\/div>\n\t\t\t\t\t<\/div>\n\t\t<\/section>\n\t\t\t\t<section class=\"elementor-section elementor-top-section elementor-element elementor-element-6fae4f3 elementor-section-boxed elementor-section-height-default elementor-section-height-default\" data-id=\"6fae4f3\" data-element_type=\"section\" data-e-type=\"section\" data-settings=\"{&quot;_ha_eqh_enable&quot;:false}\">\n\t\t\t\t\t\t<div class=\"elementor-container elementor-column-gap-default\">\n\t\t\t\t\t<div class=\"elementor-column elementor-col-50 elementor-top-column elementor-element elementor-element-b0bb131\" data-id=\"b0bb131\" data-element_type=\"column\" data-e-type=\"column\" data-settings=\"{&quot;background_background&quot;:&quot;classic&quot;}\">\n\t\t\t<div class=\"elementor-widget-wrap elementor-element-populated\">\n\t\t\t\t\t\t<div class=\"elementor-element elementor-element-88f7a92 elementor-widget elementor-widget-heading\" data-id=\"88f7a92\" data-element_type=\"widget\" data-e-type=\"widget\" data-widget_type=\"heading.default\">\n\t\t\t\t<div class=\"elementor-widget-container\">\n\t\t\t\t\t<h2 class=\"elementor-heading-title elementor-size-default\">Was ist eigentlich ein Modul?<\/h2>\t\t\t\t<\/div>\n\t\t\t\t<\/div>\n\t\t\t\t<div class=\"elementor-element elementor-element-6bc05b9 elementor-widget__width-initial elementor-widget elementor-widget-text-editor\" data-id=\"6bc05b9\" data-element_type=\"widget\" data-e-type=\"widget\" data-widget_type=\"text-editor.default\">\n\t\t\t\t<div class=\"elementor-widget-container\">\n\t\t\t\t\t\t\t\t\t<p>Module sind Bestandteil Ihres Studiums und setzen sich aus mehreren Lehrveranstaltungen zusammen. Dabei werden <strong>thematisch zusammenh\u00e4ngende<\/strong> Lehrveranstaltungen (z. B. Vorlesungen und Seminare) zu einem Modul zusammengefasst. In der Regel umfasst ein Modul <strong>zwei Lehrveranstaltungen<\/strong> aus einem oder mehreren Semestern.<\/p><p>Ein Modul wird in der Regel durch eine Modulabschlusspr\u00fcfung abgeschlossen, dies kann jedoch auch durch den erfolgreichen Abschluss der jeweiligen Lehrveranstaltungen erfolgen. Wichtig ist, dass die erforderliche Anzahl an Kreditpunkten (im Optionalbereich in der Regel 5 CP pro Modul) zum Abschluss des Moduls erreicht wird. Es gibt benotete und unbenotete Modulangebote, in der Regel sind dies Praktika und studentische Initiativprojekte. Eine genaue Beschreibung der Anforderungen f\u00fcr den Modulabschluss einzelner Module finden Sie in der Modulsuche sowie in der Beschreibung der einzelnen Module auf eCampus.<\/p><p>Auch wichtige Informationen und einen groben \u00dcberblick \u00fcber den Inhalt des Moduls k\u00f6nnen Sie der Modulsuche bzw. der Beschreibung auf eCampus entnehmen.<\/p><p>Die f\u00fcr den Optionalbereich genehmigten Module werden in der Modulsuche ver\u00f6ffentlicht, einer \u00fcber die Homepage erreichbaren Moduldatenbank ausschlie\u00dflich f\u00fcr den Optionalbereich. <strong>Nur Module, die in dieser Datenbank aufgef\u00fchrt sind, berechtigen zum Erwerb von CP f\u00fcr das Studium im Optionalbereich an der Ruhr-Universit\u00e4t Bochum.<\/strong> Die Datenbank ist zudem ein Modularchiv, sodass auch zu einem sp\u00e4teren Zeitpunkt noch Module, Inhalte, Pr\u00fcfungsanforderungen etc. eingesehen werden k\u00f6nnen. Englisch- bzw. fremdsprachliche Modulangebote im Optionalbereich lassen sich \u00fcber die Modulsuche filtern. Die englischsprachigen Module des europ\u00e4ischen Hochschulverbundes \u201e<a href=\"https:\/\/uni.ruhr-uni-bochum.de\/de\/unic\">UNIC \u2013 The European University of Post-Industrial Cities<\/a>\u201c sind gesondert in der Modulsuche ausgewiesen.<\/p>\t\t\t\t\t\t\t\t<\/div>\n\t\t\t\t<\/div>\n\t\t\t\t\t<\/div>\n\t\t<\/div>\n\t\t\t\t<div class=\"elementor-column elementor-col-50 elementor-top-column elementor-element elementor-element-110ef49\" data-id=\"110ef49\" data-element_type=\"column\" data-e-type=\"column\" data-settings=\"{&quot;background_background&quot;:&quot;classic&quot;}\">\n\t\t\t<div class=\"elementor-widget-wrap elementor-element-populated\">\n\t\t\t\t\t\t<div class=\"elementor-element elementor-element-b66ce36 elementor-widget elementor-widget-heading\" data-id=\"b66ce36\" data-element_type=\"widget\" data-e-type=\"widget\" data-widget_type=\"heading.default\">\n\t\t\t\t<div class=\"elementor-widget-container\">\n\t\t\t\t\t<h2 class=\"elementor-heading-title elementor-size-default\">Modulsuche<\/h2>\t\t\t\t<\/div>\n\t\t\t\t<\/div>\n\t\t\t\t<div class=\"elementor-element elementor-element-b2ee0ff elementor-widget__width-initial elementor-widget elementor-widget-text-editor\" data-id=\"b2ee0ff\" data-element_type=\"widget\" data-e-type=\"widget\" data-widget_type=\"text-editor.default\">\n\t\t\t\t<div class=\"elementor-widget-container\">\n\t\t\t\t\t\t\t\t\t<p>Hier haben Sie die M\u00f6glichkeit, nach speziellen Modulen zu suchen bzw. sich ein Bild \u00fcber das Modulangebot des Optionalbereichs zu machen:<\/p><p><a href=\"https:\/\/module.optio.ruhr-uni-bochum.de\/modules?semester=WS+2526&amp;q=\">Die Module des SoSe 2026 sind ver\u00f6ffentlicht. Bitte den entsprechenden Filter ausw\u00e4hlen.\u00a0<\/a><\/p>\t\t\t\t\t\t\t\t<\/div>\n\t\t\t\t<\/div>\n\t\t\t\t<div class=\"elementor-element elementor-element-6ae231f elementor-align-center elementor-widget elementor-widget-button\" data-id=\"6ae231f\" data-element_type=\"widget\" data-e-type=\"widget\" data-settings=\"{&quot;_animation&quot;:&quot;none&quot;}\" data-widget_type=\"button.default\">\n\t\t\t\t<div class=\"elementor-widget-container\">\n\t\t\t\t\t\t\t\t\t<div class=\"elementor-button-wrapper\">\n\t\t\t\t\t<a class=\"elementor-button elementor-button-link elementor-size-sm\" href=\"https:\/\/module.optio.ruhr-uni-bochum.de\/modules?semester=SS+2026&#038;q=\" target=\"_blank\">\n\t\t\t\t\t\t<span class=\"elementor-button-content-wrapper\">\n\t\t\t\t\t\t<span class=\"elementor-button-icon\">\n\t\t\t\t<i aria-hidden=\"true\" class=\"far fa-list-alt\"><\/i>\t\t\t<\/span>\n\t\t\t\t\t\t\t\t\t<span class=\"elementor-button-text\">Modulsuche<\/span>\n\t\t\t\t\t<\/span>\n\t\t\t\t\t<\/a>\n\t\t\t\t<\/div>\n\t\t\t\t\t\t\t\t<\/div>\n\t\t\t\t<\/div>\n\t\t\t\t<div class=\"elementor-element elementor-element-4009141 elementor-widget elementor-widget-spacer\" data-id=\"4009141\" data-element_type=\"widget\" data-e-type=\"widget\" data-widget_type=\"spacer.default\">\n\t\t\t\t<div class=\"elementor-widget-container\">\n\t\t\t\t\t\t\t<div class=\"elementor-spacer\">\n\t\t\t<div class=\"elementor-spacer-inner\"><\/div>\n\t\t<\/div>\n\t\t\t\t\t\t<\/div>\n\t\t\t\t<\/div>\n\t\t\t\t<div class=\"elementor-element elementor-element-b1feecb elementor-widget elementor-widget-heading\" data-id=\"b1feecb\" data-element_type=\"widget\" data-e-type=\"widget\" data-widget_type=\"heading.default\">\n\t\t\t\t<div class=\"elementor-widget-container\">\n\t\t\t\t\t<h2 class=\"elementor-heading-title elementor-size-default\">Modularchiv<\/h2>\t\t\t\t<\/div>\n\t\t\t\t<\/div>\n\t\t\t\t<div class=\"elementor-element elementor-element-82d5224 elementor-widget__width-initial elementor-widget elementor-widget-text-editor\" data-id=\"82d5224\" data-element_type=\"widget\" data-e-type=\"widget\" data-widget_type=\"text-editor.default\">\n\t\t\t\t<div class=\"elementor-widget-container\">\n\t\t\t\t\t\t\t\t\t<p>Hier gelangen Sie zum Modulangebot der vergangenen Semester. Ab dem Sommersemester 2020 suchen Sie bitte in unserer Modulsuche nach angeboteten Modulen.<\/p>\t\t\t\t\t\t\t\t<\/div>\n\t\t\t\t<\/div>\n\t\t\t\t<div class=\"elementor-element elementor-element-101f403 elementor-align-center elementor-widget elementor-widget-button\" data-id=\"101f403\" data-element_type=\"widget\" data-e-type=\"widget\" data-settings=\"{&quot;_animation&quot;:&quot;none&quot;}\" data-widget_type=\"button.default\">\n\t\t\t\t<div class=\"elementor-widget-container\">\n\t\t\t\t\t\t\t\t\t<div class=\"elementor-button-wrapper\">\n\t\t\t\t\t<a class=\"elementor-button elementor-button-link elementor-size-sm\" href=\"https:\/\/optio.ruhr-uni-bochum.de\/?page_id=6102\">\n\t\t\t\t\t\t<span class=\"elementor-button-content-wrapper\">\n\t\t\t\t\t\t<span class=\"elementor-button-icon\">\n\t\t\t\t<i aria-hidden=\"true\" class=\"far fa-list-alt\"><\/i>\t\t\t<\/span>\n\t\t\t\t\t\t\t\t\t<span class=\"elementor-button-text\">Modularchiv<\/span>\n\t\t\t\t\t<\/span>\n\t\t\t\t\t<\/a>\n\t\t\t\t<\/div>\n\t\t\t\t\t\t\t\t<\/div>\n\t\t\t\t<\/div>\n\t\t\t\t\t<\/div>\n\t\t<\/div>\n\t\t\t\t\t<\/div>\n\t\t<\/section>\n\t\t\t\t<section class=\"elementor-section elementor-top-section elementor-element elementor-element-fe8a962 elementor-section-boxed elementor-section-height-default elementor-section-height-default\" data-id=\"fe8a962\" data-element_type=\"section\" data-e-type=\"section\" data-settings=\"{&quot;_ha_eqh_enable&quot;:false}\">\n\t\t\t\t\t\t<div class=\"elementor-container elementor-column-gap-default\">\n\t\t\t\t\t<div class=\"elementor-column elementor-col-100 elementor-top-column elementor-element elementor-element-e0a3a30\" data-id=\"e0a3a30\" data-element_type=\"column\" data-e-type=\"column\">\n\t\t\t<div class=\"elementor-widget-wrap elementor-element-populated\">\n\t\t\t\t\t\t<div class=\"elementor-element elementor-element-7b81503 elementor-widget elementor-widget-spacer\" data-id=\"7b81503\" data-element_type=\"widget\" data-e-type=\"widget\" data-widget_type=\"spacer.default\">\n\t\t\t\t<div class=\"elementor-widget-container\">\n\t\t\t\t\t\t\t<div class=\"elementor-spacer\">\n\t\t\t<div class=\"elementor-spacer-inner\"><\/div>\n\t\t<\/div>\n\t\t\t\t\t\t<\/div>\n\t\t\t\t<\/div>\n\t\t\t\t\t<\/div>\n\t\t<\/div>\n\t\t\t\t\t<\/div>\n\t\t<\/section>\n\t\t\t\t<\/div>\n\t\t","protected":false},"excerpt":{"rendered":"<p>Module Module Was ist eigentlich ein Modul? Module sind Bestandteil Ihres Studiums und setzen sich aus mehreren Lehrveranstaltungen zusammen. Dabei werden thematisch zusammenh\u00e4ngende Lehrveranstaltungen (z. B. Vorlesungen und Seminare) zu einem Modul zusammengefasst. In der Regel umfasst ein Modul zwei Lehrveranstaltungen aus einem oder mehreren Semestern. Ein Modul wird in [&hellip;]<\/p>\n","protected":false},"author":1,"featured_media":0,"parent":0,"menu_order":0,"comment_status":"closed","ping_status":"closed","template":"page-templates\/template-pagebuilder-full-width.php","meta":{"_themeisle_gutenberg_block_has_review":false,"footnotes":""},"class_list":["post-4565","page","type-page","status-publish","hentry"],"_links":{"self":[{"href":"https:\/\/optio.ruhr-uni-bochum.de\/index.php\/wp-json\/wp\/v2\/pages\/4565","targetHints":{"allow":["GET"]}}],"collection":[{"href":"https:\/\/optio.ruhr-uni-bochum.de\/index.php\/wp-json\/wp\/v2\/pages"}],"about":[{"href":"https:\/\/optio.ruhr-uni-bochum.de\/index.php\/wp-json\/wp\/v2\/types\/page"}],"author":[{"embeddable":true,"href":"https:\/\/optio.ruhr-uni-bochum.de\/index.php\/wp-json\/wp\/v2\/users\/1"}],"replies":[{"embeddable":true,"href":"https:\/\/optio.ruhr-uni-bochum.de\/index.php\/wp-json\/wp\/v2\/comments?post=4565"}],"version-history":[{"count":208,"href":"https:\/\/optio.ruhr-uni-bochum.de\/index.php\/wp-json\/wp\/v2\/pages\/4565\/revisions"}],"predecessor-version":[{"id":13192,"href":"https:\/\/optio.ruhr-uni-bochum.de\/index.php\/wp-json\/wp\/v2\/pages\/4565\/revisions\/13192"}],"wp:attachment":[{"href":"https:\/\/optio.ruhr-uni-bochum.de\/index.php\/wp-json\/wp\/v2\/media?parent=4565"}],"curies":[{"name":"wp","href":"https:\/\/api.w.org\/{rel}","templated":true}]}}